{"id":2,"date":"2025-07-11T09:57:44","date_gmt":"2025-07-11T08:57:44","guid":{"rendered":"https:\/\/societaslinguistica.eu\/sle2026\/?page_id=2"},"modified":"2025-07-15T12:05:12","modified_gmt":"2025-07-15T10:05:12","slug":"sample-page","status":"publish","type":"page","link":"https:\/\/societaslinguistica.eu\/sle2026\/","title":{"rendered":"59th Annual Meeting of the Societas Linguistica Europaea"},"content":{"rendered":"\n<figure class=\"wp-block-image size-large\"><img loading=\"lazy\" decoding=\"async\" width=\"768\" height=\"338\" src=\"https:\/\/societaslinguistica.eu\/sle2026\/wp-content\/uploads\/sites\/9\/2025\/07\/osnaburck-snip-768x338.png\" alt=\"\" class=\"wp-image-24\" srcset=\"https:\/\/societaslinguistica.eu\/sle2026\/wp-content\/uploads\/sites\/9\/2025\/07\/osnaburck-snip-768x338.png 768w, https:\/\/societaslinguistica.eu\/sle2026\/wp-content\/uploads\/sites\/9\/2025\/07\/osnaburck-snip-576x254.png 576w, https:\/\/societaslinguistica.eu\/sle2026\/wp-content\/uploads\/sites\/9\/2025\/07\/osnaburck-snip-1536x676.png 1536w, https:\/\/societaslinguistica.eu\/sle2026\/wp-content\/uploads\/sites\/9\/2025\/07\/osnaburck-snip-480x211.png 480w, https:\/\/societaslinguistica.eu\/sle2026\/wp-content\/uploads\/sites\/9\/2025\/07\/osnaburck-snip-992x437.png 992w, https:\/\/societaslinguistica.eu\/sle2026\/wp-content\/uploads\/sites\/9\/2025\/07\/osnaburck-snip.png 1890w\" sizes=\"(max-width: 768px) 92vw, 768px\" \/><\/figure>\n\n\n\n<p class=\"has-normal-font-size\"><strong>59th Annual Meeting of the <em>Societas Li<\/em><\/strong><em><strong>nguistica Europaea<\/strong><\/em><br><strong>26  \u2013 29 August 2026<\/strong><\/p>\n\n\n\n<p class=\"has-text-align-left has-normal-font-size\"><strong>Universit\u00e4t Osnabr\u00fcck<\/strong><\/p>\n\n\n\n<p><\/p>\n\n\n\n<p class=\"has-medium-font-size\">The Societas Linguistica Europaea (SLE) and Osnabr\u00fcck University are pleased to announce the 59th Annual Meeting of the Societas Linguistica Europaea (SLE 2026), to be held in Osnabr\u00fcck from 26 to 29 August 2026.<\/p>\n\n\n\n<p class=\"has-medium-font-size\">SLE meetings provide a forum for high-quality linguistic research from all (sub)domains of linguistics. <\/p>\n\n\n\n<figure class=\"wp-block-image size-large\"><img loading=\"lazy\" decoding=\"async\" width=\"768\" height=\"512\" src=\"https:\/\/societaslinguistica.eu\/sle2026\/wp-content\/uploads\/sites\/9\/2025\/07\/DJI_0491_k1-768x512.jpg\" alt=\"\" class=\"wp-image-16\" srcset=\"https:\/\/societaslinguistica.eu\/sle2026\/wp-content\/uploads\/sites\/9\/2025\/07\/DJI_0491_k1-768x512.jpg 768w, https:\/\/societaslinguistica.eu\/sle2026\/wp-content\/uploads\/sites\/9\/2025\/07\/DJI_0491_k1-576x384.jpg 576w, https:\/\/societaslinguistica.eu\/sle2026\/wp-content\/uploads\/sites\/9\/2025\/07\/DJI_0491_k1-1536x1024.jpg 1536w, https:\/\/societaslinguistica.eu\/sle2026\/wp-content\/uploads\/sites\/9\/2025\/07\/DJI_0491_k1-2048x1365.jpg 2048w, https:\/\/societaslinguistica.eu\/sle2026\/wp-content\/uploads\/sites\/9\/2025\/07\/DJI_0491_k1-480x320.jpg 480w, https:\/\/societaslinguistica.eu\/sle2026\/wp-content\/uploads\/sites\/9\/2025\/07\/DJI_0491_k1-992x661.jpg 992w, https:\/\/societaslinguistica.eu\/sle2026\/wp-content\/uploads\/sites\/9\/2025\/07\/DJI_0491_k1-2000x1333.jpg 2000w\" sizes=\"(max-width: 768px) 92vw, 768px\" \/><\/figure>\n","protected":false},"excerpt":{"rendered":"<p>59th Annual Meeting of the Societas Linguistica Europaea26 \u2013 29 August 2026 Universit\u00e4t Osnabr\u00fcck The Societas Linguistica Europaea (SLE) and Osnabr\u00fcck University are pleased to announce the 59th Annual Meeting of the Societas Linguistica Europaea (SLE 2026), to be held in Osnabr\u00fcck from 26 to 29 August 2026. SLE meetings provide a forum for high-quality [&hellip;]<\/p>\n","protected":false},"author":15,"featured_media":0,"parent":0,"menu_order":0,"comment_status":"closed","ping_status":"open","template":"","meta":{"_acf_changed":false,"footnotes":""},"class_list":["post-2","page","type-page","status-publish","hentry"],"acf":[],"_links":{"self":[{"href":"https:\/\/societaslinguistica.eu\/sle2026\/wp-json\/wp\/v2\/pages\/2"}],"collection":[{"href":"https:\/\/societaslinguistica.eu\/sle2026\/wp-json\/wp\/v2\/pages"}],"about":[{"href":"https:\/\/societaslinguistica.eu\/sle2026\/wp-json\/wp\/v2\/types\/page"}],"author":[{"embeddable":true,"href":"https:\/\/societaslinguistica.eu\/sle2026\/wp-json\/wp\/v2\/users\/15"}],"replies":[{"embeddable":true,"href":"https:\/\/societaslinguistica.eu\/sle2026\/wp-json\/wp\/v2\/comments?post=2"}],"version-history":[{"count":8,"href":"https:\/\/societaslinguistica.eu\/sle2026\/wp-json\/wp\/v2\/pages\/2\/revisions"}],"predecessor-version":[{"id":51,"href":"https:\/\/societaslinguistica.eu\/sle2026\/wp-json\/wp\/v2\/pages\/2\/revisions\/51"}],"wp:attachment":[{"href":"https:\/\/societaslinguistica.eu\/sle2026\/wp-json\/wp\/v2\/media?parent=2"}],"curies":[{"name":"wp","href":"https:\/\/api.w.org\/{rel}","templated":true}]}}