{"id":3407,"date":"2024-12-15T14:40:17","date_gmt":"2024-12-15T13:40:17","guid":{"rendered":"https:\/\/societaslinguistica.eu\/sle2025\/?page_id=3407"},"modified":"2025-03-26T09:27:04","modified_gmt":"2025-03-26T08:27:04","slug":"list-of-workshops","status":"publish","type":"page","link":"https:\/\/societaslinguistica.eu\/sle2025\/list-of-workshops\/","title":{"rendered":"List of Workshops"},"content":{"rendered":"\n<ul class=\"wp-block-list\">\n<li>WS1 <strong><a href=\"https:\/\/societaslinguistica.eu\/sle2025\/wp-content\/uploads\/sites\/8\/2024\/10\/Workshop_SLE_2025_compounding_paradigms.pdf\" target=\"_blank\" rel=\"noreferrer noopener\">Compounding in word-formation paradigms<\/a><\/strong>&nbsp;(Nabil Hathout and Fabio Montermini)<\/li>\n\n\n\n<li>WS2 <a href=\"https:\/\/societaslinguistica.eu\/sle2025\/wp-content\/uploads\/sites\/8\/2024\/11\/CONNECTIVE-NEGATION.pdf\" target=\"_blank\" rel=\"noreferrer noopener\"><strong>Connective negation: synchrony and diachrony<\/strong>&nbsp;<\/a>(Mena B. Lafkioui and Johan van der Auwera)<\/li>\n\n\n\n<li>WS3 <strong><a href=\"https:\/\/societaslinguistica.eu\/sle2025\/wp-content\/uploads\/sites\/8\/2024\/12\/Diachronic-Studies-on-Minoritised-and-Under-researched-Romance-Varieties_updated.pdf\" target=\"_blank\" rel=\"noreferrer noopener\">Diachronic Studies on Minoritised and Under-researched Romance Varieties<\/a><\/strong>&nbsp;(Marc Olivier and Afra Pujol i Campeny)<\/li>\n\n\n\n<li>WS4 <strong><a href=\"https:\/\/societaslinguistica.eu\/sle2025\/wp-content\/uploads\/sites\/8\/2024\/11\/Contact-inheritance-lexical-semantics.pdf\" target=\"_blank\" rel=\"noreferrer noopener\">Disentangling contact and inheritance in lexical semantics<\/a><\/strong>&nbsp;(John Mansfield and Paul Widmer)<\/li>\n\n\n\n<li>WS5 <strong><a href=\"https:\/\/societaslinguistica.eu\/sle2025\/wp-content\/uploads\/sites\/8\/2025\/01\/Empirical-studies-on-syntactic-alternation_updated.pdf\" target=\"_blank\" rel=\"noreferrer noopener\">Empirical studies on syntactic alternation across languages and theoretical frameworks<\/a><\/strong>&nbsp;(Yanis Da Cunha, Pegah Faghiri and Juliette Thuilier)<\/li>\n\n\n\n<li>WS6 <strong><a href=\"https:\/\/societaslinguistica.eu\/sle2025\/wp-content\/uploads\/sites\/8\/2024\/10\/SLE2025-workshop-proposal_From-explicit-to-implicit.pdf\" target=\"_blank\" rel=\"noreferrer noopener\">From explicit to implicit: constraints and explanations<\/a><\/strong>&nbsp;(Liesbeth Degand and Hongling Xiao)<\/li>\n\n\n\n<li>WS7 <strong><a href=\"https:\/\/societaslinguistica.eu\/sle2025\/wp-content\/uploads\/sites\/8\/2025\/01\/From-Linguistics-to-Animal-Communication-and-Back_updated.pdf\" target=\"_blank\" rel=\"noreferrer noopener\">From Linguistics to Animal Communication and Back<\/a><\/strong>&nbsp;(Jacob Ayers, Alexandra Bosshard, Ma\u0451l Leroux, Remo Nitschke and Simon Townsend)<\/li>\n\n\n\n<li>WS8 <strong><a href=\"https:\/\/societaslinguistica.eu\/sle2025\/wp-content\/uploads\/sites\/8\/2024\/10\/SLE-workshop-proposal-lexical-iconicity.pdf\" target=\"_blank\" rel=\"noreferrer noopener\">Insights into lexical iconicity: onomatopoeia, ideophones, and sound symbolism<\/a><\/strong>&nbsp;(Maria Flaksman and Chris Smith)<\/li>\n\n\n\n<li>WS9 <strong><a href=\"https:\/\/societaslinguistica.eu\/sle2025\/wp-content\/uploads\/sites\/8\/2024\/12\/Isomorphism-and-optionality-in-language_updated.pdf\" target=\"_blank\" rel=\"noreferrer noopener\">Isomorphism and optionality in language<\/a><\/strong> (Beno\u00eet Leclercq &amp; Cameron Morin)<\/li>\n\n\n\n<li>WS10 <strong><a href=\"https:\/\/societaslinguistica.eu\/sle2025\/wp-content\/uploads\/sites\/8\/2024\/09\/Focus_080924.pdf\" target=\"_blank\" rel=\"noreferrer noopener\">Issues in the formal and functional typology of focus<\/a><\/strong>&nbsp;(Olivier Dupl\u00e2tre and Pierre-Yves Modicom)<\/li>\n\n\n\n<li>WS11 <strong><a href=\"https:\/\/societaslinguistica.eu\/sle2025\/wp-content\/uploads\/sites\/8\/2024\/12\/Lexical-ambiguity-in-the-mind_updated.pdf\" target=\"_blank\" rel=\"noreferrer noopener\">Lexical ambiguity in the mind: theoretical challenges and interdisciplinary approaches<\/a><\/strong>&nbsp;(Lucie Barque and Richard Huyghe)<\/li>\n\n\n\n<li>WS12 <strong><a href=\"https:\/\/societaslinguistica.eu\/sle2025\/wp-content\/uploads\/sites\/8\/2024\/11\/Workshop-on-mistaken-belief-for-SLE-2025.pdf\" target=\"_blank\" rel=\"noreferrer noopener\">Mistaken beliefs<\/a><\/strong>&nbsp;(Caroline Gentens, William B. McGregor and Stef Spronck)<\/li>\n\n\n\n<li>WS13 <strong><a href=\"https:\/\/societaslinguistica.eu\/sle2025\/wp-content\/uploads\/sites\/8\/2024\/12\/Morphological-boundaries-in-Creole-languages_updated.pdf\" target=\"_blank\" rel=\"noreferrer noopener\">Morphological boundaries in Creole languages<\/a><\/strong>&nbsp;(Ana R. Lu\u00eds and Susanne Maria Michaelis)<\/li>\n\n\n\n<li>WS14 <strong><a href=\"https:\/\/societaslinguistica.eu\/sle2025\/wp-content\/uploads\/sites\/8\/2025\/01\/Omnipredicativity_updated.pdf\" target=\"_blank\" rel=\"noreferrer noopener\">Omnipredicativity: its core and its fringes<\/a><\/strong>&nbsp;(Katharina Haude and Albert \u00c1lvarez)<\/li>\n\n\n\n<li>WS15 <strong><a href=\"https:\/\/societaslinguistica.eu\/wp-content\/uploads\/2024\/10\/Call-SLE-2025-Futures-origins-and-functions.pdf\" target=\"_blank\" rel=\"noreferrer noopener\">Origins and functions of future formations in the world\u2019s languages<\/a><\/strong>&nbsp;(Gilles Authier and Steven Kaye)<\/li>\n\n\n\n<li>WS16 <strong><a href=\"https:\/\/societaslinguistica.eu\/sle2025\/wp-content\/uploads\/sites\/8\/2024\/11\/WS-Proposal-SLE25_extended_deadline_Pragmatic-Language-Development-in-Young-Children.pdf\" target=\"_blank\" rel=\"noreferrer noopener\">Pragmatic Language Development in Young Children<\/a><\/strong>&nbsp;(Tove Nilsson Gerholm, Maria Rosenberg and Linda Sandstr\u00f6m)<\/li>\n\n\n\n<li>WS17 <strong><a href=\"https:\/\/societaslinguistica.eu\/sle2025\/wp-content\/uploads\/sites\/8\/2025\/01\/Reanalysis-in-cross-linguistic-perspective_updated.pdf\" target=\"_blank\" rel=\"noreferrer noopener\">Reanalysis in cross-linguistic perspective: Theoretical and empirical implications<\/a><\/strong>&nbsp;(Sonia Cristofaro &amp; Andrej Malchukov)<\/li>\n\n\n\n<li>WS18 <strong><a href=\"https:\/\/societaslinguistica.eu\/sle2025\/wp-content\/uploads\/sites\/8\/2024\/10\/Workshop-proposal-SLE-2025-Taking-time-seriously.pdf\" target=\"_blank\" rel=\"noreferrer noopener\">Taking time seriously: The temporal dynamics of language<\/a><\/strong>&nbsp;(Guido M. Linders, Catalina Torres, Stefan Schnell and Frank Seifart)<\/li>\n\n\n\n<li>WS19 <strong><a href=\"https:\/\/societaslinguistica.eu\/sle2025\/wp-content\/uploads\/sites\/8\/2024\/09\/The-diachrony-of-language-geography.pdf\" target=\"_blank\" rel=\"noreferrer noopener\">The diachrony of language geography: linking small-scale and large-scale perspective<\/a><\/strong>&nbsp;(Matthias Urban)<\/li>\n\n\n\n<li>WS20 <strong><a href=\"https:\/\/societaslinguistica.eu\/sle2025\/wp-content\/uploads\/sites\/8\/2024\/12\/The-syntax-and-semantics-of-perception.pdf\" target=\"_blank\" rel=\"noreferrer noopener\">The syntax and semantics of perception<\/a><\/strong> (Cl\u00e9mentine Raffy, Michelle Sheehan, Giulia Mazzola &amp; Liam Garside)<\/li>\n\n\n\n<li>WS21 <strong><a href=\"https:\/\/societaslinguistica.eu\/sle2025\/wp-content\/uploads\/sites\/8\/2024\/10\/Proposal_workshop_Towards-a-better-understanding-of-analogy_final.pdf\" target=\"_blank\" rel=\"noreferrer noopener\">Towards a better understanding of analogy: challenges, methods, and perspectives<\/a><\/strong>&nbsp;(Lorenzo Moretti and Marianne Hundt)<\/li>\n\n\n\n<li>WS22 <strong><a href=\"https:\/\/societaslinguistica.eu\/sle2025\/wp-content\/uploads\/sites\/8\/2024\/10\/Workshop_Lability-transitivity_SLE2025.pdf\" target=\"_blank\" rel=\"noreferrer noopener\">Transitivity and labile verbs in typological and diachronic perspectives: Indo-European and beyond<\/a><\/strong>&nbsp;(Leonid Kulikov, Tim Ongenae and Daria Chistiakova)<\/li>\n\n\n\n<li>WS23 <strong><a href=\"https:\/\/societaslinguistica.eu\/sle2025\/wp-content\/uploads\/sites\/8\/2025\/01\/Turn-out-verbs-and-constructions-crosslinguistically_updated.pdf\" target=\"_blank\" rel=\"noreferrer noopener\">Turn out&nbsp;verbs&nbsp;and&nbsp;constructions&nbsp;crosslinguistically:&nbsp;Properties and boundaries, synchrony and diachrony<\/a><\/strong>&nbsp;(Patrick Dendale and Ana Stulic)<\/li>\n\n\n\n<li>WS24 <strong><a href=\"https:\/\/societaslinguistica.eu\/wp-content\/uploads\/2024\/10\/sle2025tonal_workshop_call.pdf\" target=\"_blank\" rel=\"noreferrer noopener\">Unifying the comparative analysis of tonal systems<\/a><\/strong>&nbsp;(Kirill Maslinsky, Valentin Vydrin and Dmitry Gerasimov)<\/li>\n\n\n\n<li>WS25 <strong><a href=\"https:\/\/societaslinguistica.eu\/sle2025\/wp-content\/uploads\/sites\/8\/2024\/12\/United-by-language-contact_updated.pdf\" target=\"_blank\" rel=\"noreferrer noopener\">United by language contact: Linguistics and Translation-Interpreting Studies in search of a shared framework<\/a><\/strong> (Gert De Sutter, Maja Mili\u010devi\u0107 Petrovi\u0107, Silvia Bernardini, Adriano Ferraresi, Moritz Schaeffer &amp; Pawe\u0142 Korpal)<\/li>\n\n\n\n<li>WS26 <strong><a href=\"https:\/\/societaslinguistica.eu\/wp-content\/uploads\/2024\/10\/Wordhood_Workshop_final.pdf\" target=\"_blank\" rel=\"noreferrer noopener\">Wordhood in West African languages and beyond&nbsp;<\/a><\/strong>(Neige Rochant and Andrey Shluinsky)<\/li>\n\n\n\n<li>Special panel session <strong><a href=\"https:\/\/societaslinguistica.eu\/sle2025\/wp-content\/uploads\/sites\/8\/2025\/01\/SLE_2025_Outreach-SpecialSession.pdf\">Communicating linguistics research<\/a><\/strong> (Alexandru Nicolae and Marc Olivier)<\/li>\n<\/ul>\n","protected":false},"excerpt":{"rendered":"","protected":false},"author":15,"featured_media":0,"parent":0,"menu_order":0,"comment_status":"closed","ping_status":"closed","template":"","meta":{"_acf_changed":false,"footnotes":""},"class_list":["post-3407","page","type-page","status-publish","hentry"],"acf":[],"yoast_head":"<!-- This site is optimized with the Yoast SEO plugin v23.1 - https:\/\/yoast.com\/wordpress\/plugins\/seo\/ -->\n<title>List of Workshops - SLE 2025<\/title>\n<meta name=\"robots\" content=\"index, follow, max-snippet:-1, max-image-preview:large, max-video-preview:-1\" \/>\n<link rel=\"canonical\" href=\"https:\/\/societaslinguistica.eu\/sle2025\/list-of-workshops\/\" \/>\n<meta property=\"og:locale\" content=\"en_US\" \/>\n<meta property=\"og:type\" content=\"article\" \/>\n<meta property=\"og:title\" content=\"List of Workshops - SLE 2025\" \/>\n<meta property=\"og:url\" content=\"https:\/\/societaslinguistica.eu\/sle2025\/list-of-workshops\/\" \/>\n<meta property=\"og:site_name\" content=\"SLE 2025\" \/>\n<meta property=\"article:modified_time\" content=\"2025-03-26T08:27:04+00:00\" \/>\n<meta name=\"twitter:card\" content=\"summary_large_image\" \/>\n<meta name=\"twitter:label1\" content=\"Est. reading time\" \/>\n\t<meta name=\"twitter:data1\" content=\"2 minutes\" \/>\n<script type=\"application\/ld+json\" class=\"yoast-schema-graph\">{\"@context\":\"https:\/\/schema.org\",\"@graph\":[{\"@type\":\"WebPage\",\"@id\":\"https:\/\/societaslinguistica.eu\/sle2025\/list-of-workshops\/\",\"url\":\"https:\/\/societaslinguistica.eu\/sle2025\/list-of-workshops\/\",\"name\":\"List of Workshops - SLE 2025\",\"isPartOf\":{\"@id\":\"https:\/\/societaslinguistica.eu\/sle2025\/#website\"},\"datePublished\":\"2024-12-15T13:40:17+00:00\",\"dateModified\":\"2025-03-26T08:27:04+00:00\",\"breadcrumb\":{\"@id\":\"https:\/\/societaslinguistica.eu\/sle2025\/list-of-workshops\/#breadcrumb\"},\"inLanguage\":\"en-US\",\"potentialAction\":[{\"@type\":\"ReadAction\",\"target\":[\"https:\/\/societaslinguistica.eu\/sle2025\/list-of-workshops\/\"]}]},{\"@type\":\"BreadcrumbList\",\"@id\":\"https:\/\/societaslinguistica.eu\/sle2025\/list-of-workshops\/#breadcrumb\",\"itemListElement\":[{\"@type\":\"ListItem\",\"position\":1,\"name\":\"Home\",\"item\":\"https:\/\/societaslinguistica.eu\/sle2025\/\"},{\"@type\":\"ListItem\",\"position\":2,\"name\":\"List of Workshops\"}]},{\"@type\":\"WebSite\",\"@id\":\"https:\/\/societaslinguistica.eu\/sle2025\/#website\",\"url\":\"https:\/\/societaslinguistica.eu\/sle2025\/\",\"name\":\"SLE 2025\",\"description\":\"\",\"publisher\":{\"@id\":\"https:\/\/societaslinguistica.eu\/sle2025\/#organization\"},\"potentialAction\":[{\"@type\":\"SearchAction\",\"target\":{\"@type\":\"EntryPoint\",\"urlTemplate\":\"https:\/\/societaslinguistica.eu\/sle2025\/?s={search_term_string}\"},\"query-input\":\"required name=search_term_string\"}],\"inLanguage\":\"en-US\"},{\"@type\":\"Organization\",\"@id\":\"https:\/\/societaslinguistica.eu\/sle2025\/#organization\",\"name\":\"Societas Linguistica Europaea\",\"url\":\"https:\/\/societaslinguistica.eu\/sle2025\/\",\"logo\":{\"@type\":\"ImageObject\",\"inLanguage\":\"en-US\",\"@id\":\"https:\/\/societaslinguistica.eu\/sle2025\/#\/schema\/logo\/image\/\",\"url\":\"https:\/\/societaslinguistica.eu\/sle2025\/wp-content\/uploads\/sites\/8\/2021\/12\/SLE-logo.png\",\"contentUrl\":\"https:\/\/societaslinguistica.eu\/sle2025\/wp-content\/uploads\/sites\/8\/2021\/12\/SLE-logo.png\",\"width\":242,\"height\":242,\"caption\":\"Societas Linguistica Europaea\"},\"image\":{\"@id\":\"https:\/\/societaslinguistica.eu\/sle2025\/#\/schema\/logo\/image\/\"}}]}<\/script>\n<!-- \/ Yoast SEO plugin. -->","yoast_head_json":{"title":"List of Workshops - SLE 2025","robots":{"index":"index","follow":"follow","max-snippet":"max-snippet:-1","max-image-preview":"max-image-preview:large","max-video-preview":"max-video-preview:-1"},"canonical":"https:\/\/societaslinguistica.eu\/sle2025\/list-of-workshops\/","og_locale":"en_US","og_type":"article","og_title":"List of Workshops - SLE 2025","og_url":"https:\/\/societaslinguistica.eu\/sle2025\/list-of-workshops\/","og_site_name":"SLE 2025","article_modified_time":"2025-03-26T08:27:04+00:00","twitter_card":"summary_large_image","twitter_misc":{"Est. reading time":"2 minutes"},"schema":{"@context":"https:\/\/schema.org","@graph":[{"@type":"WebPage","@id":"https:\/\/societaslinguistica.eu\/sle2025\/list-of-workshops\/","url":"https:\/\/societaslinguistica.eu\/sle2025\/list-of-workshops\/","name":"List of Workshops - SLE 2025","isPartOf":{"@id":"https:\/\/societaslinguistica.eu\/sle2025\/#website"},"datePublished":"2024-12-15T13:40:17+00:00","dateModified":"2025-03-26T08:27:04+00:00","breadcrumb":{"@id":"https:\/\/societaslinguistica.eu\/sle2025\/list-of-workshops\/#breadcrumb"},"inLanguage":"en-US","potentialAction":[{"@type":"ReadAction","target":["https:\/\/societaslinguistica.eu\/sle2025\/list-of-workshops\/"]}]},{"@type":"BreadcrumbList","@id":"https:\/\/societaslinguistica.eu\/sle2025\/list-of-workshops\/#breadcrumb","itemListElement":[{"@type":"ListItem","position":1,"name":"Home","item":"https:\/\/societaslinguistica.eu\/sle2025\/"},{"@type":"ListItem","position":2,"name":"List of Workshops"}]},{"@type":"WebSite","@id":"https:\/\/societaslinguistica.eu\/sle2025\/#website","url":"https:\/\/societaslinguistica.eu\/sle2025\/","name":"SLE 2025","description":"","publisher":{"@id":"https:\/\/societaslinguistica.eu\/sle2025\/#organization"},"potentialAction":[{"@type":"SearchAction","target":{"@type":"EntryPoint","urlTemplate":"https:\/\/societaslinguistica.eu\/sle2025\/?s={search_term_string}"},"query-input":"required name=search_term_string"}],"inLanguage":"en-US"},{"@type":"Organization","@id":"https:\/\/societaslinguistica.eu\/sle2025\/#organization","name":"Societas Linguistica Europaea","url":"https:\/\/societaslinguistica.eu\/sle2025\/","logo":{"@type":"ImageObject","inLanguage":"en-US","@id":"https:\/\/societaslinguistica.eu\/sle2025\/#\/schema\/logo\/image\/","url":"https:\/\/societaslinguistica.eu\/sle2025\/wp-content\/uploads\/sites\/8\/2021\/12\/SLE-logo.png","contentUrl":"https:\/\/societaslinguistica.eu\/sle2025\/wp-content\/uploads\/sites\/8\/2021\/12\/SLE-logo.png","width":242,"height":242,"caption":"Societas Linguistica Europaea"},"image":{"@id":"https:\/\/societaslinguistica.eu\/sle2025\/#\/schema\/logo\/image\/"}}]}},"_links":{"self":[{"href":"https:\/\/societaslinguistica.eu\/sle2025\/wp-json\/wp\/v2\/pages\/3407"}],"collection":[{"href":"https:\/\/societaslinguistica.eu\/sle2025\/wp-json\/wp\/v2\/pages"}],"about":[{"href":"https:\/\/societaslinguistica.eu\/sle2025\/wp-json\/wp\/v2\/types\/page"}],"author":[{"embeddable":true,"href":"https:\/\/societaslinguistica.eu\/sle2025\/wp-json\/wp\/v2\/users\/15"}],"replies":[{"embeddable":true,"href":"https:\/\/societaslinguistica.eu\/sle2025\/wp-json\/wp\/v2\/comments?post=3407"}],"version-history":[{"count":18,"href":"https:\/\/societaslinguistica.eu\/sle2025\/wp-json\/wp\/v2\/pages\/3407\/revisions"}],"predecessor-version":[{"id":3480,"href":"https:\/\/societaslinguistica.eu\/sle2025\/wp-json\/wp\/v2\/pages\/3407\/revisions\/3480"}],"wp:attachment":[{"href":"https:\/\/societaslinguistica.eu\/sle2025\/wp-json\/wp\/v2\/media?parent=3407"}],"curies":[{"name":"wp","href":"https:\/\/api.w.org\/{rel}","templated":true}]}}